 3879618329 prime?
True
Is 26023052609 a composite number?
False
Is 16342356733 prime?
True
Is 402698231 a prime number?
False
Is 339511205801 prime?
True
Is 833273911 a prime number?
True
Is 1711393529 a prime number?
False
Is 11905455379 a composite number?
False
Is 5505954901 a prime number?
True
Is 5345009497 a composite number?
True
Is 9327630163 a prime number?
True
Is 194452444313 prime?
True
Is 4596205303 composite?
False
Is 2211670367 composite?
False
Is 14530547513 composite?
True
Is 560924941 prime?
False
Is 1592478563 a composite number?
True
Is 626977277 prime?
False
Is 4546871477 a prime number?
False
Is 101396284303 composite?
False
Is 28522050665 prime?
False
Is 14768206543 prime?
False
Is 4283623261 composite?
False
Is 183672115709 composite?
True
Is 4054567417 prime?
True
Is 11112812237 prime?
True
Is 8275715047 a composite number?
False
Is 6571640197 prime?
True
Is 4213862669 a composite number?
True
Is 4762089103 prime?
False
Is 258735151 a composite number?
False
Is 60667563203 composite?
True
Is 343786397 a composite number?
True
Is 948798667 prime?
True
Is 5539840123 prime?
True
Is 83415523 a composite number?
False
Is 74118669231 composite?
True
Is 7194157829 prime?
True
Is 13379615233 prime?
False
Is 2424397 a composite number?
True
Is 3478558927 composite?
True
Is 596719021 prime?
False
Is 14550305719 a composite number?
False
Is 4018450237 composite?
True
Is 3863156995 a composite number?
True
Is 370650547 prime?
False
Is 66368483 composite?
False
Is 1743639673 a prime number?
False
Is 45365285395 prime?
False
Is 14396059211 a prime number?
False
Is 1154716913 a composite number?
True
Is 30598421 prime?
False
Is 4251460739 composite?
False
Is 21710069 prime?
False
Is 686608327 a prime number?
False
Is 19878890489 a prime number?
False
Is 3735386821 a composite number?
False
Is 1862322269 prime?
True
Is 34962524659 a composite number?
True
Is 650184823 composite?
False
Is 10405004381 composite?
True
Is 154946684947 a prime number?
False
Is 652598279 composite?
True
Is 1727884553 a composite number?
True
Is 6413541851 a composite number?
False
Is 28381705897 a prime number?
True
Is 234360817373 prime?
True
Is 1934462941 a prime number?
False
Is 8557400869 a composite number?
False
Is 117658753 prime?
True
Is 1829927707 prime?
False
Is 14010361507 prime?
False
Is 368099399 a prime number?
True
Is 15023135767 a prime number?
False
Is 1147847221 a composite number?
False
Is 1949820403 a composite number?
True
Is 60999157229 a composite number?
False
Is 39044846963 a composite number?
False
Is 12193673435 composite?
True
Is 5588072863 a composite number?
False
Is 753917407 composite?
False
Is 8612107733 a composite number?
True
Is 18948343 composite?
True
Is 39336049447 composite?
False
Is 593174003 composite?
False
Is 3171121823 a prime number?
True
Is 24534227951 prime?
False
Is 793456331 a prime number?
True
Is 82703235257 a prime number?
True
Is 2530787551 composite?
False
Is 4559258323 prime?
True
Is 77600888407 a prime number?
False
Is 1308863 composite?
False
Is 1194107309 prime?
False
Is 27591178873 prime?
False
Is 439116361 a composite number?
False
Is 1213095559 a prime number?
False
Is 256790566777 a prime number?
True
Is 2210816611 prime?
False
Is 764958539 prime?
False
Is 1418269261 a composite number?
False
Is 10073695141 a prime number?
False
Is 281758781 a composite number?
True
Is 183545393 prime?
True
Is 11698191653 composite?
True
Is 2978908433 a prime number?
True
Is 38684989249 composite?
True
Is 181822469 composite?
False
Is 53861442919 composite?
False
Is 232864117 prime?
False
Is 32861131931 prime?
True
Is 2638398979 composite?
True
Is 2307892693 prime?
False
Is 387459310807 composite?
True
Is 20545258469 a prime number?
False
Is 437168827 a composite number?
False
Is 133352473 prime?
True
Is 630621949 a prime number?
True
Is 20487882057 prime?
False
Is 820617311 a prime number?
False
Is 24252720515 composite?
True
Is 11039452031 prime?
False
Is 14308395041 a composite number?
True
Is 1150342123 a composite number?
True
Is 1547258653 prime?
False
Is 850279587 a prime number?
False
Is 2016808111 prime?
True
Is 2499716749 a prime number?
True
Is 63370913017 a composite number?
False
Is 3869849019 a composite number?
True
Is 183995087 a composite number?
False
Is 113422013 prime?
False
Is 1431471497 a prime number?
True
Is 5782015559 prime?
False
Is 213750573791 prime?
True
Is 1728449603 composite?
True
Is 164932189 a composite number?
True
Is 779253985 prime?
False
Is 706083283 a prime number?
True
Is 1731367151 a prime number?
False
Is 917264207 composite?
True
Is 924474179 a composite number?
True
Is 19286247467 a composite number?
False
Is 59050787119 a prime number?
True
Is 2658331029 a prime number?
False
Is 353967133 a composite number?
True
Is 82201134263 composite?
True
Is 1719266649 prime?
False
Is 194803849 prime?
False
Is 236095333 composite?
False
Is 35255057561 composite?
True
Is 57470983 composite?
False
Is 4046520697 a prime number?
True
Is 6091253603 composite?
True
Is 327570479 a prime number?
True
Is 2240413849 composite?
False
Is 57007051 prime?
False
Is 41648119231 prime?
True
Is 3472506031 composite?
False
Is 6109829819 a prime number?
True
Is 779058727 prime?
False
Is 1266378109 a prime number?
False
Is 60111811681 a composite number?
False
Is 54603409381 prime?
False
Is 66872436803 composite?
True
Is 6547789387 a prime number?
False
Is 16949784893 composite?
True
Is 232713319 prime?
True
Is 1948940515 composite?
True
Is 701068579 a prime number?
True
Is 13086187211 composite?
False
Is 14002021619 a prime number?
False
Is 2905795855 a composite number?
True
Is 928092761 a prime number?
False
Is 52714512379 composite?
False
Is 16117193429 prime?
False
Is 10555258079 composite?
True
Is 2178817601 prime?
True
Is 995203745 a composite number?
True
Is 64655281 a composite number?
False
Is 1305448126 prime?
False
Is 3129237761 a prime number?
False
Is 43808068173 composite?
True
Is 2413831111 prime?
False
Is 6795232135 a composite number?
True
Is 751453177 a prime number?
True
Is 81854030327 a composite number?
True
Is 3250682553 prime?
False
Is 1704111043 a prime number?
False
Is 13289948189 a composite number?
True
Is 789030343 composite?
False
Is 501840217 composite?
True
Is 50443773797 composite?
True
Is 4692423917 prime?
False
Is 68006087 a composite number?
True
Is 17967510611 composite?
False
Is 10132249079 a prime number?
True
Is 736697443 composite?
True
Is 2474819579 composite?
False
Is 8680196867 a composite number?
True
Is 574651689 prime?
False
Is 453656779 a composite number?
False
Is 264655519 a composite number?
True
Is 102436949 composite?
False
Is 23913689677 composite?
False
Is 587439781 a composite number?
False
Is 45651380447 prime?
False
Is 126453573907 a composite number?
True
Is 7993084721 prime?
False
Is 783400301 prime?
False
Is 11979212867 a prime number?
True
Is 2341626031 a prime number?
True
Is 6861085657 a composite number?
False
Is 1294598203 composite?
False
Is 11796212587 composite?
True
Is 2476071001 composite?
False
Is 213151473247 prime?
True
Is 19079153039 a prime number?
False
Is 32134926793 prime?
True
Is 3471454939 composite?
True
Is 4009956149 a composite number?
False
Is 24816165091 a prime number?
False
Is 163872201 a composite number?
True
Is 9698285707 composite?
True
Is 1726548553 composite?
True
Is 504062477 a prime number?
False
Is 42603065431 a prime number?
True
Is 411367771 prime?
True
Is 11291228027 a composite number?
False
Is 133335794573 a composite number?
False
Is 6128114401 a prime number?
True
Is 976100837 prime?
True
Is 202091677 composite?
True
Is 26781994781 a composite number?
True
Is 6489156277 prime?
True
Is 17285034881 composite?
False
Is 124929041 a composite number?
False
Is 612314013 a prime number?
False
Is 28091045053 composite?
False
Is 77630134471 prime?
False
Is 784633907 composite?
False
Is 991242463 prime?
True
Is 4797691201 composite?
False
Is 39778182123 composite?
True
Is 8986257083 composite?
False
Is 8737730399 a prime number?
False
Is 5040248561 a composite number?
False
Is 11312442347 a prime number?
True
Is 8169615521 composite?
False
Is 4761722773 composite?
True
Is 2139079829 a prime number?
Tru